22?
2
What is the thousands digit of 6021?
6
What is the thousands digit of 2292?
2
What is the thousands digit of 4175?
4
What is the units digit of 206?
6
What is the tens digit of 527?
2
What is the tens digit of 5257?
5
What is the tens digit of 1793?
9
What is the units digit of 972?
2
What is the thousands digit of 9625?
9
What is the units digit of 2057?
7
What is the units digit of 49989?
9
What is the units digit of 101340?
0
What is the thousands digit of 1434?
1
What is the thousands digit of 31046?
1
What is the tens digit of 33610?
1
What is the tens digit of 2520?
2
What is the units digit of 7919?
9
What is the hundreds digit of 10917?
9
What is the tens digit of 1592?
9
What is the thousands digit of 30265?
0
What is the hundreds digit of 26596?
5
What is the tens digit of 2530?
3
What is the units digit of 38969?
9
What is the units digit of 31577?
7
What is the tens digit of 12677?
7
What is the tens digit of 27905?
0
What is the units digit of 25173?
3
What is the hundreds digit of 2499?
4
What is the hundreds digit of 5036?
0
What is the thousands digit of 27740?
7
What is the ten thousands digit of 32852?
3
What is the tens digit of 14119?
1
What is the hundreds digit of 189?
1
What is the thousands digit of 52568?
2
What is the tens digit of 3328?
2
What is the units digit of 14100?
0
What is the hundreds digit of 61641?
6
What is the hundreds digit of 703?
7
What is the tens digit of 45759?
5
What is the units digit of 2061?
1
What is the ten thousands digit of 101498?
0
What is the tens digit of 7829?
2
What is the units digit of 3014?
4
What is the tens digit of 1087?
8
What is the hundreds digit of 1720?
7
What is the ten thousands digit of 71901?
7
What is the hundreds digit of 3638?
6
What is the thousands digit of 2803?
2
What is the hundreds digit of 18067?
0
What is the ten thousands digit of 26808?
2
What is the hundreds digit of 14103?
1
What is the hundreds digit of 20720?
7
What is the thousands digit of 15069?
5
What is the tens digit of 995?
9
What is the units digit of 441?
1
What is the thousands digit of 2142?
2
What is the tens digit of 309?
0
What is the hundreds digit of 1631?
6
What is the hundreds digit of 206?
2
What is the thousands digit of 3194?
3
What is the hundreds digit of 12152?
1
What is the tens digit of 9423?
2
What is the ten thousands digit of 140911?
4
What is the tens digit of 1876?
7
What is the units digit of 578?
8
What is the tens digit of 9173?
7
What is the hundreds digit of 22917?
9
What is the tens digit of 9175?
7
What is the thousands digit of 5135?
5
What is the hundreds digit of 14840?
8
What is the tens digit of 748?
4
What is the tens digit of 7287?
8
What is the thousands digit of 29594?
9
What is the thousands digit of 41585?
1
What is the tens digit of 7662?
6
What is the units digit of 34730?
0
What is the ten thousands digit of 57635?
5
What is the thousands digit of 93021?
3
What is the hundreds digit of 1063?
0
What is the thousands digit of 49338?
9
What is the units digit of 1114?
4
What is the tens digit of 5932?
3
What is the thousands digit of 5046?
5
What is the hundreds digit of 7870?
8
What is the thousands digit of 1056?
1
What is the tens digit of 257?
5
What is the units digit of 287?
7
What is the ten thousands digit of 21878?
2
What is the thousands digit of 20342?
0
What is the units digit of 6700?
0
What is the hundreds digit of 997?
9
What is the tens digit of 595?
9
What is the hundreds digit of 6013?
0
What is the hundred thousands digit of 106655?
1
What is the thousands digit of 4448?
4
What is the thousands digit of 12060?
2
What is the hundreds digit of 24960?
9
What is the tens digit of 716?
1
What is the tens digit of 15386?
8
What is the ten thousands digit of 21083?
2
What is the thousands digit of 1241?
1
What is the hundreds digit of 846?
8
What is the hundreds digit of 500?
5
What is the tens digit of 7616?
1
What is the units digit of 2769?
9
What is the thousands digit of 15294?
5
What is the units digit of 67?
7
What is the thousands digit of 3882?
3
What is the tens digit of 29268?
6
What is the hundreds digit of 9606?
6
What is the hundreds digit of 42838?
8
What is the thousands digit of 168723?
8
What is the units digit of 43113?
3
What is the thousands digit of 96240?
6
What is the hundreds digit of 17672?
6
What is the units digit of 589?
9
What is the hundreds digit of 7590?
5
What is the thousands digit of 29169?
9
What is the hundreds digit of 4165?
1
What is the ten thousands digit of 19870?
1
What is the ten thousands digit of 27649?
2
What is the tens digit of 45061?
6
What is the thousands digit of 68909?
8
What is the tens digit of 58458?
5
What is the thousands digit of 4689?
4
What is the hundreds digit of 50710?
7
What is the units digit of 175?
5
What is the tens digit of 438?
3
What is the tens digit of 2110?
1
What is the ten thousands digit of 25800?
2
What is the tens digit of 725?
2
What is the thousands digit of 10449?
0
What is the hundreds digit of 2183?
1
What is the thousands digit of 5540?
5
What is the tens digit of 961?
6
What is the ten thousands digit of 10376?
1
What is the hundreds digit of 784?
7
What is the tens digit of 6035?
3
What is the tens digit of 454?
5
What is the units digit of 3522?
2
What is the tens digit of 1111?
1
What is the units digit of 23275?
5
What is the thousands digit of 64898?
4
What is the hundreds digit of 49530?
5
What is the units digit of 6509?
9
What is the tens digit of 7381?
8
What is the thousands digit of 4031?
4
What is the hundreds digit of 111076?
0
What is the tens digit of 1420?
2
What is the units digit of 40508?
8
What is the hundreds digit of 110?
1
What is the tens digit of 20764?
6
What is the units digit of 17966?
6
What is the tens digit of 76028?
2
What is the units digit of 91?
1
What is the units digit of 95666?
6
What is the thousands digit of 1043?
1
What is the hundreds digit of 2098?
0
What is the ten thousands digit of 55252?
5
What is the units digit of 1204?
4
What is the thousands digit of 28099?
8
What is the thousands digit of 4989?
4
What is the hundreds digit of 32325?
3
What is the tens digit of 14647?
4
What is the tens digit of 1585?
8
What is the thousands digit of 25110?
5
What is the ten thousands digit of 14386?
1
What is the units digit of 2423?
3
What is the units digit of 33265?
5
What is the thousands digit of 15715?
5
What is the units digit of 2370?
0
What is the tens digit of 108?
0
What is the tens digit of 9629?
2
What is the thousands digit of 12839?
2
What is the tens digit of 15751?
5
What is the units digit of 8?
8
What is the hundreds digit of 436?
4
What is the tens digit of 1761?
6
What is the units digit of 192?
2
What is the hundreds digit of 5023?
0
What is the units digit of 144070?
0
What is the tens digit of 3990?
9
What is the units digit of 359?
9
What is the hundreds digit of 1299?
2
What is the tens digit of 233?
3
What is the hundreds digit of 1338?
3
What is the hundreds digit of 7504?
5
What is the hundreds digit of 10013?
0
What is the hundreds digit of 595?
5
What is the hundred thousands digit of 115383?
1
What is the tens digit of 12969?
6
What is the thousands digit of 7236?
7
What is the hundreds digit of 2428?
4
What is the thousands digit of 2264?
2
What is the thousands digit of 27954?
7
What is the hundreds digit of 22783?
7
What is the hundreds digit of 261?
2
What is the tens digit of 1111?
1
What is the units digit of 554?
4
What is the hundreds digit of 5643?
6
What is the hundreds digit of 2488?
4
What is the hundreds digit of 24835?
8
What is the thousands digit of 1568?
1
What is the tens digit of 2403?
0
What is the units digit of 5174?
4
What is the units digit of 9408?
8
What is the tens digit of 5930?
3
What is the ten thousands digit of 93779?
9
What is the units digit of 1307?
7
What is the units digit of 640?
0
What is the hundreds digit of 1419?
4
What is the ten thousands digit of 16993?
1
What is the hundreds digit of 35613?
6
What is the units digit of 8469?
9
What is the hundreds digit of 61145?
1
What is the hundreds digit of 6496?
4
What is the hundreds digit of 956?
9
What is the tens digit of 7289?
8
What is the hundreds digit of 16822?
8
What is the tens digit 